
19
What is the remainder when 2124 is divided by 707?
3
Calculate the remainder when 1043 is divided by 11.
9
What is the remainder when 65 is divided by 41?
24
Calculate the remainder when 1632 is divided by 41.
33
Calculate the remainder when 154 is divided by 52.
50
Calculate the remainder when 2921 is divided by 490.
471
Calculate the remainder when 67 is divided by 37.
30
What is the remainder when 1665 is divided by 163?
35
Calculate the remainder when 234 is divided by 84.
66
Calculate the remainder when 563 is divided by 12.
11
What is the remainder when 201 is divided by 102?
99
What is the remainder when 328 is divided by 88?
64
What is the remainder when 415 is divided by 19?
16
Calculate the remainder when 142 is divided by 36.
34
Calculate the remainder when 451 is divided by 46.
37
Calculate the remainder when 452 is divided by 89.
7
What is the remainder when 1038 is divided by 174?
168
Calculate the remainder when 204 is divided by 37.
19
Calculate the remainder when 84 is divided by 7.
0
Calculate the remainder when 300 is divided by 57.
15
What is the remainder when 82 is divided by 21?
19
Calculate the remainder when 1422 is divided by 55.
47
What is the remainder when 502 is divided by 14?
12
Calculate the remainder when 34 is divided by 3.
1
What is the remainder when 1790 is divided by 128?
126
What is the remainder when 128 is divided by 14?
2
Calculate the remainder when 774 is divided by 49.
39
What is the remainder when 28 is divided by 15?
13
What is the remainder when 5161 is divided by 34?
27
Calculate the remainder when 830 is divided by 19.
13
What is the remainder when 2875 is divided by 9?
4
Calculate the remainder when 459 is divided by 118.
105
Calculate the remainder when 200 is divided by 47.
12
Calculate the remainder when 421 is divided by 110.
91
Calculate the remainder when 967 is divided by 22.
21
What is the remainder when 1308 is divided by 11?
10
Calculate the remainder when 25701 is divided by 216.
213
Calculate the remainder when 484 is divided by 35.
29
Calculate the remainder when 17197 is divided by 20.
17
Calculate the remainder when 350 is divided by 162.
26
Calculate the remainder when 300 is divided by 51.
45
Calculate the remainder when 92 is divided by 50.
42
What is the remainder when 575 is divided by 96?
95
What is the remainder when 1553 is divided by 58?
45
What is the remainder when 1097 is divided by 1088?
9
What is the remainder when 598 is divided by 594?
4
Calculate the remainder when 752 is divided by 152.
144
What is the remainder when 180 is divided by 152?
28
Calculate the remainder when 550 is divided by 19.
18
Calculate the remainder when 226 is divided by 55.
6
What is the remainder when 187 is divided by 53?
28
Calculate the remainder when 10 is divided by 10.
0
What is the remainder when 2626 is divided by 264?
250
Calculate the remainder when 392 is divided by 20.
12
Calculate the remainder when 5299 is divided by 9.
7
What is the remainder when 1551 is divided by 266?
221
What is the remainder when 347 is divided by 6?
5
What is the remainder when 792 is divided by 265?
262
What is the remainder when 107 is divided by 11?
8
What is the remainder when 256 is divided by 68?
52
Calculate the remainder when 1834 is divided by 23.
17
What is the remainder when 138 is divided by 71?
67
What is the remainder when 5877 is divided by 30?
27
Calculate the remainder when 301 is divided by 18.
13
Calculate the remainder when 4 is divided by 2.
0
What is the remainder when 80 is divided by 56?
24
What is the remainder when 16 is divided by 12?
4
Calculate the remainder when 2114 is divided by 29.
26
Calculate the remainder when 18758 is divided by 140.
138
What is the remainder when 1077 is divided by 110?
87
What is the remainder when 180 is divided by 108?
72
Calculate the remainder when 7060 is divided by 66.
64
What is the remainder when 697 is divided by 71?
58
What is the remainder when 1768 is divided by 22?
8
Calculate the remainder when 102 is divided by 16.
6
What is the remainder when 182 is divided by 85?
12
Calculate the remainder when 866 is divided by 29.
25
What is the remainder when 745 is divided by 25?
20
Calculate the remainder when 842 is divided by 149.
97
Calculate the remainder when 77 is divided by 10.
7
What is the remainder when 133 is divided by 77?
56
Calculate the remainder when 7864 is divided by 64.
56
What is the remainder when 13 is divided by 5?
3
What is the remainder when 590 is divided by 283?
24
Calculate the remainder when 459 is divided by 19.
3
Calculate the remainder when 637 is divided by 32.
29
What is the remainder when 357 is divided by 18?
15
What is the remainder when 990 is divided by 124?
122
What is the remainder when 2355 is divided by 21?
3
What is the remainder when 3312 is divided by 551?
6
Calculate the remainder when 6694 is divided by 67.
61
Calculate the remainder when 126 is divided by 22.
16
Calculate the remainder when 794 is divided by 57.
53
What is the remainder when 102 is divided by 60?
42
What is the remainder when 570 is divided by 180?
30
Calculate the remainder when 264 is divided by 58.
32
Calculate the remainder when 1258 is divided by 64.
42
What is the remainder when 199 is divided by 40?
39
What is the remainder when 79 is divided by 39?
1
Calculate the remainder when 774 is divided by 298.
178
Calculate the remainder when 470 is divided by 20.
10
Calculate the remainder when 205 is divided by 98.
9
Calculate the remainder when 875 is divided by 279.
38
What is the remainder when 1678 is divided by 21?
19
What is the remainder when 6447 is divided by 31?
30
What is the remainder when 6397 is divided by 173?
169
What is the remainder when 1642 is divided by 818?
6
What is the remainder when 1932 is divided by 78?
60
Calculate the remainder when 1872 is divided by 25.
22
What is the remainder when 2019 is divided by 2?
1
What is the remainder when 137 is divided by 39?
20
Calculate the remainder when 302 is divided by 85.
47
Calculate the remainder when 1125 is divided by 233.
193
What is the remainder when 135 is divided by 104?
31
Calculate the remainder when 52 is divided by 28.
24
Calculate the remainder when 550 is divided by 15.
10
Calculate the remainder when 260 is divided by 85.
5
What is the remainder when 1296 is divided by 65?
61
What is the remainder when 552 is divided by 93?
87
What is the remainder when 430 is divided by 72?
70
Calculate the remainder when 367 is divided by 44.
15
What is the remainder when 71 is divided by 20?
11
Calculate the remainder when 28 is divided by 7.
0
Calculate the remainder when 492 is divided by 71.
66
What is the remainder when 238 is divided by 42?
28
Calculate the remainder when 103 is divided by 18.
13
Calculate the remainder when 55 is divided by 40.
15
Calculate the remainder when 193 is divided by 99.
94
What is the remainder when 279 is divided by 5?
4
What is the remainder when 294 is divided by 93?
15
What is the remainder when 421 is divided by 53?
50
Calculate the remainder when 2077 is divided by 162.
133
Calculate the remainder when 1629 is divided by 326.
325
Calculate the remainder when 241 is divided by 68.
37
What is the remainder when 244 is divided by 19?
16
Calculate the remainder when 18158 is divided by 80.
78
What is the remainder when 817 is divided by 201?
13
What is the remainder when 24 is divided by 15?
9
What is the remainder when 249 is divided by 63?
60
Calculate the remainder when 353 is divided by 320.
33
What is the remainder when 260 is divided by 126?
8
Calculate the remainder when 3263 is divided by 20.
3
Calculate the remainder when 237 is divided by 30.
27
Calculate the remainder when 23 is divided by 3.
2
Calculate the remainder when 585 is divided by 149.
138
What is the remainder when 508 is divided by 254?
0
Calculate the remainder when 230 is divided by 8.
6
What is the remainder when 2013 is divided by 14?
11
What is the remainder when 5290 is divided by 91?
12
What is the remainder when 439 is divided by 39?
10
What is the remainder when 249 is divided by 148?
101
What is the remainder when 33 is divided by 17?
16
What is the remainder when 1212 is divided by 401?
9
Calculate the remainder when 431 is divide